
7
What is 0 + 4 - (-9 + 14)?
-1
What is the value of -3 + 10 - 14 - -13?
6
(-1 - -4) + -2 - -1
2
What is -1 + 3 - 0 - (22 - 19)?
-1
What is 3 + 1 + 6 + -5?
5
-3 - 5 - -3 - (0 - 3)
-2
What is (5 + -19 - 1) + (1 - -5)?
-9
0 + -3 - ((3 - 1) + -5)
0
What is -1 + (14 - 5) + -4?
4
Evaluate -6 + 1 - (6 + -5).
-6
What is 7 - (4 + (-3 + 2 - 1))?
5
What is (-3 - (-4 + 1)) + 4?
4
Evaluate (1 - (5 + 4)) + 1.
-7
Calculate 2 - -1 - (-7 + 9).
1
-3 - (5 - (2 + -3 + 3))
-6
What is (-1 - -8) + 1 + -13 + -2?
-7
(10 - (10 - 5 - -1)) + -3
1
Calculate (5 + -3 - 3) + -5.
-6
Evaluate -15 + 11 - (-11 - -3).
4
Evaluate (-4 - -1) + -9 + 11.
-1
(-13 - -7) + -3 + 0 + 3
-6
Calculate (3 - 10) + (18 - 17) + -1.
-7
Evaluate (3 - 7) + (9 - 2).
3
What is the value of 9 - (4 + (4 - 4) + 1)?
4
What is 10 + -4 - (2 + -2)?
6
Calculate (-1 + 2 - 3) + 2.
0
What is the value of (-2 - (-4 + 1)) + (15 - 8)?
8
What is the value of (-6 + 7 - (-5 + 12)) + 4?
-2
What is -4 + 4 + -2 + (1 - 3)?
-4
Calculate 4 + -6 - (1 - 8).
5
Evaluate 1 - ((5 - 4) + -5).
5
What is the value of 5 + 2 + (-2 - 4)?
1
Evaluate 5 + -6 + -14 - -9.
-6
What is the value of -4 + 0 + 0 + -1 + 9?
4
What is (7 + 3 - 3) + -5?
2
What is the value of -6 + (-3 - (-4 - 2))?
-3
Evaluate (5 - 6) + -7 + 6.
-2
(5 - 4) + -8 - (-5 - 0)
-2
Evaluate 3 + -8 + (-3 - -1) - -4.
-3
Calculate (4 - (4 + 2)) + 11 + -2.
7
What is the value of (4 - 4) + (-6 - (-1 + -2))?
-3
3 + 0 + 10 + -11
2
What is the value of -4 + 4 + -1 + 5?
4
1 - (1 + 2 - 1) - 0
-1
3 - (15 - (-3 - -12))
-3
Evaluate -2 - (3 - (-5 + 8)).
-2
Evaluate -3 + 1 + 3 + -3 + -1.
-3
2 + 1 - (13 - (16 + -12))
-6
What is -10 - (-4 + 4 + -3 - 3)?
-4
What is 0 - -1 - ((-21 - -12) + 17)?
-7
Calculate (-18 - -20) + (7 - (0 + 3)).
6
(3 - 1) + -8 - -6
0
What is the value of -7 + (8 - (-4 + 2))?
3
Calculate 1 + -7 + 2 + 3.
-1
What is (-2 + 2 - 4) + (5 - 1)?
0
Evaluate 0 + 2 - ((-1 - -4) + -2).
1
Evaluate 2 - 4 - (-4 - -2).
0
Evaluate 0 + -4 - ((3 - 1) + -2).
-4
What is 8 + -5 + 4 + -5 + 4?
6
Evaluate 10 + -2 + 0 + -3 - 0.
5
-158 + 163 - (-2 + 1 + 4)
2
Evaluate 10 + -4 - 2 - 1.
3
(7 + -6 - 1) + (0 - 0)
0
What is (-5 - -8) + (1 - 4)?
0
Evaluate -2 - 3 - (15 + -22).
2
Evaluate (3 + 0 - (55 - 47)) + -6.
-11
Calculate 10 - (10 + 12 - 13).
1
Evaluate (6 - 5) + 2 - (-3 - -3).
3
What is 11 + 0 + -23 + 3?
-9
Calculate -6 + 5 - (1 + 1).
-3
Evaluate -87 - -78 - (1 + -14).
4
What is the value of (5 - -1) + -6 + 5?
5
Calculate (1 - -8) + (10 - 11) - 3.
5
What is the value of (-15 - -27) + -9 + -4?
-1
Evaluate -2 + 5 + 0 + (2 - 0).
5
What is 2 + 1 - (5 + (-12 - -8))?
2
What is -6 - (-2 - (-1 - -2) - 6)?
3
What is 2 + 13 + -10 - (-1 + 1)?
5
0 - -13 - (7 + -9 + 8)
7
What is 41 - 42 - (-1 + 0)?
0
What is the value of -2 + 1 + (3 - 5)?
-3
5 - (5 - -6 - 11)
5
What is the value of 13 - (3 + -13 + 16)?
7
What is the value of 3 + (-3 - 4) - (-2 - -2)?
-4
What is the value of (11 + -7 + 5 - 2) + -2?
5
Evaluate 3 + 4 - (4 - (-4 - -8)).
7
1 + (0 - 2 - -1) - -5
5
-33 + 31 + (1 - -6)
5
Evaluate 4 + -3 + -7 + -3 + 6.
-3
What is the value of 11 + -9 - (5 - 0)?
-3
Calculate -2 - -2 - (-3 + 0).
3
1 - (1 - -6) - (62 + -70)
2
Evaluate (2 - -3) + 7 + -12.
0
What is (-10 + 1 - (-2 + 2)) + 2?
-7
What is 1 + 4 + 17 + -13?
9
What is the value of 6 + -1 + (-21 - -13 - 1)?
-4
Calculate 24 - 28 - (-1 - (-1 - -7)).
3
Evaluate (-9 - -2) + 7 + 2.
2
What is the value of -4 - (-5 + -5) - 8?
-2
Calculate -5 + (-7 - -12) - 1.
-1
38 + -43 + -2 + (-2 - -2)
-7
Calculate 8 + 5 + -4 - -2 - 6.
5
Calculate -12 + (-2 + 14 - 6) + 1.
-5
What is the value of (5 - 1) + -1 + -18 + 8?
-7
2 + (9 - 10) + -3
-2
What is 0 - (4 - 3 - 1) - 3?
-3
5 - (-1 + 2 - -4)
0
-1 + -1 - (40 + -42) - 2
-2
Calculate 2 + -7 + (-4 - -7) + 0.
-2
What is -14 + -1 - (0 - 8)?
-7
1 + (-4 - -3) + (-3 - -10)
7
89 - 83 - (1 + 8)
-3
1 + (1 - 0) + -1 - 4
-3
Calculate 3 - (7 + (6 - 7)).
-3
Calculate 4 + -1 + 1 + -2.
2
Calculate (2 - 0) + 7 + -6 + 0.
3
What is the value of (4 - 3) + 7 + -13 + -1?
-6
(4 - 9 - -19) + -8
6
Evaluate -5 - ((2 - 5) + 0 + -8).
6
Evaluate (5 - 2) + 1 - (15 + -10).
-1
Calculate 5 - (-4 + 12 + -1).
-2
0 - (-7 + (-6 - (4 + -8)))
9
What is 5 + -4 + 0 + (4 - 2)?
3
Calculate 2 - 1 - (-11 - -13) - -11.
10
What is -3 + 0 + 0 - -3?
0
Evaluate -1 - 3 - (9 + -16).
3
Evaluate 0 + -5 + -1 + 2 + -1.
-5
(-1 + 5 - (-20 + 28)) + 3
-1
Evaluate -3 + 0 + -1 + 3.
-1
Calculate (-4 - -10) + (-5 - 1).
0
What is the value of -6 - (-1 - 0 - (2 + -1))?
-4
Evaluate (-4 - -3) + (-2 - (1 + -6)).
2
What is (1 + 2 - -2 - 2) + -3?
0
Calculate -13 - -15 - (-5 + -2 + 4).
5
Calculate (4 + -3 - 6) + 1.
-4
Calculate 9 + -1 - (-3 + 2 + 6).
3
What is the value of (-3 + 1 - 2) + 4?
0
What is 8 - (7 + (2 - -1))?
-2
Evaluate 11 + -9 + -5 + -1 + 2.
-2
What is the value of (-3 - -3) + -4 + 0 - 0?
-4
-2 + (-2 - (-2 + 2 + 0))
-4
Calculate 1 + (4 - 10 - -4) - 4.
-5
Calculate 15 + -8 - ((-1 - -8) + -2).
2
Calculate 3 - (4 + -6 - 0).
5
Evaluate (-1 - -1) + 9 + -4.
5
Calculate -3 - (-1 + 1 + 2 - 2).
-3
-10 + 5 + -2 - -2
-5
Calculate 3 + (-6 - (-8 + 8)).
-3
-111 + 106 - ((0 - -2) + -7)
0
What is the value of -1 - -9 - (3 + 1)?
4
What is -2 + (-4 + 2 + -4 - -3)?
-5
Calculate 2 - 7 - -6 - 6.
-5
Evaluate (-3 - (-5 - -6)) + -1 + 1.
-4
Calculate -1 + (-1 - (2 + -1) - 0).
-3
What is the value of 3 - (-10 - (-12 - 1))?
0
-16 - (-16 - (2 - 9))
-7
Evaluate 1 + 5 + -2 + 2 + -2.
4
(1 - -2 - -1) + (389 - 390)
3
What is the value of -3 + -2 + -4 + 1 + 7?
-1
What is the value of -1 + 7 + (4 - (-1 + 8))?
3
What is (7 + (-4 - -3) - 3) + -2?
1
What is the value of -3 + (-1 - -11) + -2?
5
-11 + 4 + 10 - -1
4
What is 1 + -4 - (16 - 11 - 6)?
-2
What is the value of -1 + 6 + 2 + -48 + 44?
3
-10 + 12 + -14 + 15
3
What is the value of -7 - -3 - -13 - 2?
7
What is 12 + -13 - ((-1 - -1) + 1)?
-2
What is the value of -9 + 11 + (-3 - -4)?
3
What is 11 - (22 - (2 - -11))?
2
Evaluate -10 + -1 - ((-16 - -16) + -5).
-6
1 + -2 + 3 + (-5 - -4)
1
What is 4 + (-1 - -3) + (0 - 0)?
6
(8 - (5 - 3)) + -3
3
7 - 3 - 10 - 2
-8
What is the value of -1 + 1 + 0 - (77 + -72)?
-5
1 - (6 - (-4 + 5))
-4
3 + -1 + 5 + -5
2
What is -5 - -16 - 5 - (1 + 1)?
4
5 - (4 + -5 + 4)
2
Calculate 19 + -5 + (-24 - -16).
6
What is the value of -3 - (-3 + 0 + (-2 - -4))?
-2
Calculate -2 - -2 - (22 - 26).
4
What is the value of 0 + (-4 - -8 - -2)?
6
(-10 - -1) + -2 + (0 - -4)
-7
What is -11 + 4 - -4 - 1?
-4
What is the value of -4 + (3 + 0 - (4 - 5))?
0
Calculate 10 - ((7 - 0) + -1).
4
-9 + 8 + -2 + -2
-5
What is 4 + (1 - (1 - -4)) - -1?
1
Calculate (7 - -6) + -6 + -7.
0
Evaluate -1 + 2 - (2 - 0).
-1
-5 + -1 + 2 + (-2 - -4)
-2
Calculate 4 + 0 + 3 + -7 - 5.
-5
What is 4 + -5 + 3 + (-2 - 1)?
-1
Evaluate 13 + -9 + (-2 - -2 - 2).
2
-8 + (-2 - -7) - (-1 + -1)
-1
Calculate 4 + -3 + (-14 - -8).
-5
What is the value of 2 + -10 + 8 + 0 + -4?
-4
Calculate -2 + 4 + -4 + 2 + 2.
2
Evaluate 11 + -4 + -9 + 1.
-1
Evaluate 7 - 5 - ((1 - -1) + 5).
-5
Evaluate 6 + -1 + (-3 - (-4 + 5)).
1
What is the value of (2 - (-6 - -5)) + (-4 - 0)?
-1
Evaluate 1 - 1 - (32 + -32).
0
Evaluate -39 + 32 + 1 + 0.
-6
What is 8 + 5 + -17 + 0 + -1?
-5
Calculate -1 + (-2 - -4) + -6 + 7.
2
(-50 - -52) + 2 + -1 + -10
-7
What is 11 + -5 + 4 + -13?
-3
What is (-2 - -1) + (-7 - (-5 + 1))?
-4
What is the value of (5 - 2) + (-2 - (8 - 3))?
-4
0 + 6 + -1 + 1 + -6
0
Calculate 7 + -2 + 0 + 1 + 0.
6
Calculate 10 + 2 + -12 + (6 - -2).
8
What is the value of 34 + -28 + (0 - 9)?
-3
What is -6 + (1 + -3 - -3)?
-5
What is the value of -18 + (40 - 40) + (8 - 1)?
-11
Calculate (5 - -5) + (-2 + 7 - 6).
9
Evaluate (1 - 2) + 1 + -250 + 258.
8
Calculate 2 + (-1 - 9 - -4).
-4
-11 + 5 + (3 - (-2 - -4))
-5
What is the value of 2 + 9 + (-6 + 11 - 11)?
5
What is the value of (-5 - 0) + -2 - (-5 + 6)?
-8
What is -3 - -3 - (2 - 0)?
-2
(-20 - -14) + (-2 + 3 - -2)
-3
Calculate 24 + -14 - (13 - -4).
-7
7 + -10 - (-4 - -2 - 0)
-1
What is the value of 5 - (0 + -4 + 5)?
4
(12 - 8) + -2 - 0
2
What is the value of 13 - (5 - (-11 + 11))?
8
Calculate 1 + -2 + (3 - 12) - -5.
-5
0 + 1 + -2 + (-12 - -10)
-3
What is the value of 1 + (-3 - (-2 + 0 + 0))?
0
What is (-2 - (3 - 2)) + 3?
0
What is the value of (-5 - (9 - 15)) + -9?
-8
Evaluate 4 + (0 - (-3 - -8)).
-1
Calculate (9 - 4) + -11 + (3 - 3).
-6
What is (-9 - -3) + -3 - (-3 + -1)?
-5
Calculate -1 +